- 16 = -144. Suppose 5*f = 3*f + b. Suppose -n + f = 3*n. What is the units digit of n?
4
Let f = 44 - 30. Suppose 56 = 3*p + f. What is the tens digit of p?
1
Let j(c) = -c**3 - 8*c**2 - 8*c - 9. Let s be j(-7). Let q be s + ((-3)/3 - 0). What is the tens digit of (-2 - q)/(2/34)?
1
What is the units digit of (13101/(-794))/(1 - (-98)/(-96))?
2
Let g(v) = -31*v - 3. Let y(p) = 15*p + 1. Let l(a) = 2*g(a) + 5*y(a). Let c(f) = f**3 - 2*f**2 - 3*f + 1. Let z be c(3). What is the tens digit of l(z)?
1
Suppose 0 - 40 = 4*w. What is the tens digit of 906/9 - w/(-15)?
0
Let m = 148 + -52. Suppose -2*a = -o + a + m, a + 172 = 2*o. What is the units digit of o?
4
Suppose 6*y - y = 400. Let c = -37 + y. Suppose 31 = 3*w - q, 4*w + q - c = 4*q. What is the tens digit of w?
1
Suppose -o + 4*x - 4 = 0, -4*o - 4*x + 12 = -7*o. Let m = o + 9. Suppose 3*f - 94 = -3*v - 10, 5*v - m*f = 110. What is the units digit of v?
5
Let z(x) = -3*x**3 + 4*x**2 - 2*x. Let d be z(2). Let u be ((-105)/d)/(1/(-4)). Let m = u - -56. What is the units digit of m?
1
Let t be 8/(-28) - 1/((-21)/90). Let f be (-82)/(-1 + -1 + 1). Suppose -3*w + 2*k = -2*k - 64, -2*k - f = -t*w. What is the units digit of w?
0
Let n(u) = 3*u**3 + 6*u**2 + 22*u - 79. What is the units digit of n(5)?
6
Let o = 22 - -129. What is the units digit of o?
1
Let j(g) = 7*g**2 + 8. Let u be j(4). Suppose -1 = -2*r + 9. Suppose -s = -r*s + u. What is the tens digit of s?
3
Let o = 4 + -12. Let z(i) = -10*i + 19. Let t be z(o). What is the tens digit of (-4)/(-3)*t/6?
2
Let l(a) = a**2 + 6*a - 3. Let b be l(-6). Let w be (1 + 1)/(b/(-15)). What is the units digit of (-6)/w - 339/(-15)?
2
Suppose 5*b - 143 = 3*o, 46 = 4*b - 4*o - 62. Let k = b + -13. Suppose 0 = -4*u + 6*u - k. What is the units digit of u?
9
Let r = -140 + 362. What is the units digit of r?
2
Let t(c) = c + 1. Let p be t(1). Suppose 13 = -5*g - p. What is the tens digit of -1 - -39*(-2)/g?
2
Let j(s) = s. Let i be j(2). Suppose 3*b + 0*g - 16 = -5*g, -i*g = -b - 2. Suppose 16 = 4*v - 3*y, 5*v = -y - b*y + 47. What is the units digit of v?
7
Let b(r) = -150*r**2 + r - 10. Let s be b(10). What is the tens digit of (-2)/(-7) - s/175?
8
Let t be 4 + (-5)/((-20)/3144). Suppose -t = -3*o - 79. What is the tens digit of o?
3
Let x = 123 + -39. Suppose -4*z = -7*z + 21. What is the tens digit of ((-10)/(-3))/(z/x)?
4
What is the units digit of 6/57 + 70212/114?
6
Suppose -6*z + 7*z = 2. Suppose z*h + 7 = -g + 150, -5*h + 350 = 4*g. Suppose h + 46 = 2*o. What is the tens digit of o?
6
Let x(y) = 251*y**3 - 4*y**2 - 4*y + 13. What is the units digit of x(2)?
7
Suppose 5*b + 5 + 10 = 0. What is the units digit of 6/2 + (b - -46)?
6
Suppose 64890 = 77*f - 35*f. What is the thousands digit of f?
1
Suppose -6*n = 4*x - 2*n - 28, -2*x = n - 11. Suppose -x*g + 9*g = 0. Suppose g = 4*f - 6*f + 8. What is the units digit of f?
4
Let f = 442 - -526. What is the units digit of f?
8
Let w(r) = 2*r**2 + 4*r + 15. Suppose 16 = 6*u - 8*u. What is the tens digit of w(u)?
1
Let b(v) = 83*v + 70. What is the hundreds digit of b(5)?
4
Suppose 14 = -2*r - 8. Let q = 14 + r. Suppose 36 = q*g - 6. What is the tens digit of g?
1
Suppose 9*u - 8*u - 4499 = -2*f, 2*f = -5*u + 4479. What is the tens digit of f?
5
Suppose -t + v + 851 = 0, 3*v + 3 = 12. Let w = -603 + t. What is the units digit of w?
1
What is the units digit of (-92)/46*-25*(-1 + 14)?
0
Suppose 18 = 2*k - 10. Suppose j + 9*g - 13*g - k = 0, 0 = -4*j + 5*g + 23. What is the units digit of j?
2
Suppose 2*p - 79 = 287. What is the tens digit of (p/2)/(55/20 - 2)?
2
Let c = -58 - -64. What is the units digit of (40/(-5))/((-1)/c)?
8
Suppose 4*t + 2*w - 28 = 0, 4*t + 4*w - 48 = -12. Suppose -31 = -t*s + 2*o + 12, -s = -o - 11. What is the units digit of s?
7
Let d(k) be the third derivative of -k**6/120 - k**5/4 - 3*k**4/4 - 2*k**3 + 13*k**2. What is the units digit of d(-14)?
4
What is the units digit of (2/4)/(7/(63840/12))?
0
Suppose 4*d - 572 - 740 = 0. What is the tens digit of d?
2
What is the thousands digit of 49/(-2)*(135 - 269)?
3
Suppose 4*d = d + 15. Suppose -u + 28 = g + 1, 0 = -d*g + 5*u + 185. Let o = g + -3. What is the tens digit of o?
2
Let g = 1 + -1. Suppose g*i = -5*i. Suppose -3*y = -4*d - 64, i*y + 5*y + 5*d = 165. What is the tens digit of y?
2
Let k(q) = 2*q**2 + 9*q + 4. Let h be k(-7). What is the units digit of (3/9)/(1/h)?
3
Suppose 6*f = 3*f - 3. What is the tens digit of f*(-14 - (-2 - -2))?
1
Suppose 5*o - 4*o = -4*g + 2247, 2814 = 5*g - 4*o. What is the tens digit of g?
6
What is the hundreds digit of (1 - -2)*-1 + 756?
7
Let m(h) = h**3 - h**2 - 56*h - 33. What is the tens digit of m(12)?
7
Suppose -2*l + 1 = -5. What is the tens digit of (47/l)/((-13)/(-117))?
4
Suppose 2*x = 302 + 684. What is the units digit of x?
3
Let i be (-1)/(-3) + (-300)/9. Let s = i + 217. What is the units digit of s?
4
Let w(c) = 4*c + 7. Let p be (2 - 2 - -4)/2. Let y be (-3 + -21)*p/(-6). What is the units digit of w(y)?
9
Let f(w) = -w**2 + w + 5. Let b be f(0). Suppose 3*i - 7*z + 2*z = -16, 5*i + z - 20 = 0. Let p = i + b. What is the units digit of p?
8
Suppose 2*m + 5*m = -490. Let t = 16 - m. What is the units digit of t?
6
Let a(b) = 2*b**2 + 38*b - 35. What is the tens digit of a(-21)?
4
Suppose -23058 - 5502 = -24*l. What is the units digit of l?
0
Let r(q) = q**2 + 6*q + 3. Let i be r(-6). Suppose 88 = 5*c + y, 0*c - i*y = -4*c + 78. Let a = c + -14. What is the units digit of a?
4
Let c = 1859 - 945. What is the units digit of c?
4
Let k = -170 - -2600. What is the thousands digit of k?
2
Let q = 47 - 44. Suppose 196 = 2*u + r, 4*u - 402 = 6*r - q*r. What is the tens digit of u?
9
Let a(o) = 82*o - 144. What is the tens digit of a(4)?
8
Let o(y) = 3*y - 5. Let c be o(5). Suppose -4*r + c = -3*r. Let k(g) = -g**2 + 11*g + 7. What is the tens digit of k(r)?
1
Suppose 0 = -4*j + 2*c - 372 + 1344, 2*j - 4*c = 486. What is the units digit of j/54*(-1)/(-3)*38?
7
What is the tens digit of ((-712)/5)/(9/15 - 1)?
5
Let r = -17 - -23. Let h = 20 + r. What is the units digit of h?
6
Let c(x) = -x**2 + 7*x - 8. Let k be c(8). Let b = k + 7. What is the units digit of (33/b)/(2/(-12))?
2
Suppose -3*j + 2182 = 2*s, 0 = 4*s + 2*j - 4*j - 4380. What is the tens digit of s?
9
Let c = -1299 - -2321. What is the thousands digit of c?
1
Suppose 2*n - 21 = -5*q, 5*n - 18 = -4*q + 3*q. Suppose g - 168 = -q*g. Let z = g - 16. What is the units digit of z?
6
Suppose 0*j + 3861 = 4*q + j, 12 = -4*j. Let f = q + -690. What is the units digit of f?
6
Suppose -867 = -3*h - i + 7351, -3*h + i + 8222 = 0. What is the tens digit of h?
4
Suppose 8*n - 23 = -79. Let h = 35 - n. What is the tens digit of h?
4
Let q(y) = 5*y**2 - 11*y - 21. What is the hundreds digit of q(8)?
2
Let r = 12 + -8. Suppose r*o + 0 - 12 = 0. Suppose 2*i + 2*t - o*t - 86 = 0, -5*t = 3*i - 103. What is the tens digit of i?
4
Let h = 73 - 127. Suppose 18*u - 4*w = 14*u + 372, 0 = -5*u - 2*w + 486. Let n = h + u. What is the tens digit of n?
4
Let i = -52 + 90. Suppose 23 = v - i. What is the tens digit of v?
6
What is the tens digit of 4 - (-10)/75*-5*-171?
1
What is the units digit of (292 + -48)*9/12?
3
Let a(m) = -m**2 - 8*m + 2. Let w be a(-6). Let l = w - 5. What is the units digit of 4*(l/(-3))/(-6)?
2
Suppose 4*g + 1 = -2*x + 13, -4*x = -g + 21. What is the tens digit of (-430)/(-12) - g/(-30)?
3
Let l be ((-116)/(-1*4) + 2)*2. Suppose -7*j - l = -9*j. What is the units digit of j?
1
Suppose -9*d = -24*d + 19110. What is the thousands digit of d?
1
Suppose 0 = -19*x + 21*x - 4460. Suppose 11*n = -118 + x. What is the hundreds digit of n?
1
Suppose 2*h - 8*h + 18 = 0. Suppose 3*t - 642 = -h*t. What is the tens digit of t?
0
Let w(i) = 3*i - 12. Let m be w(5). Suppose m*r - 174 = 234. What is the tens digit of r?
3
Let f = 408 - 398. What is the units digit of f?
0
Suppose -14 = -2*a - 2. Suppose -4*f = 4*c + 48, -f + c - a = 2. What is the units digit of 4/f - (-114)/10?
1
Let t(v) = -v**2 - 4*v + 9. Let f be t(-6). Let j = f + 60. What is the tens digit of j?
5
Let m(q) = q + 14. Let r be m(-11). Suppose g = r*j - 0*g + 4, g + 4 = -j. Let i(a) = 2*a**2 - 3*a - 3. What is the units digit of i(j)?
1
Let w(i) = 3*i + 3. Let n = -11 + 14.